04*j + 5. Let b(g) = 6*a(g) + z(g). Is b(3) a composite number?
False
Let x(t) be the second derivative of 38*t**5/5 - t**4/6 - t**3/3 + 3*t**2/2 - 29*t. Is x(2) a composite number?
True
Suppose k = -4*k + 4*t + 40, -5 = t. Suppose -5*y + k*y = -1. Is ((-5)/(-10))/(y/586) composite?
False
Let r = 4843 - 2893. Suppose -r = -j - 2*j. Suppose -5*p + 5*u + j = 0, -6*p + u + 398 = -3*p. Is p a composite number?
True
Suppose -2*u + h + 1745 = -2048, -2*u = 4*h - 3788. Suppose -294 = -6*f + u. Is f prime?
False
Let q = 463 - -246. Is q prime?
True
Let j(a) = -a**3 + 10*a**2 - 3*a + 10. Let q be j(9). Suppose 201 + q = s. Is s a prime number?
False
Let v be (-23*(-1)/(-1))/(2/(-4)). Let o = v + 13. Is o a prime number?
True
Let h(l) = 1352*l**2 + 3*l + 2. Is h(-1) a prime number?
False
Let c = -31 + 57. Suppose 6*r + 5*l - c = 2*r, -28 = -5*r - 4*l. Is 77 - 4/r - -3 prime?
True
Suppose -10*c = -11*c + 2686. Suppose c = 8*k - 4426. Is k a prime number?
False
Suppose 0 = p + 3*h - 7298, 29181 = 10*p - 6*p + h. Is p a composite number?
True
Is (4 - (6 + -12315)) + 12/2 prime?
False
Let r(h) be the second derivative of h**6/120 - h**5/12 + h**4/6 + h**3/6 - 5*h**2/2 + 2*h. Let a(l) be the first derivative of r(l). Is a(5) composite?
True
Suppose 2*v + 2*p = -0*p + 1310, -2*v = -p - 1322. Is v a composite number?
False
Let s(b) = -595*b**3 + 17*b**2 - 9*b - 2. Is s(-3) composite?
True
Let j be 6/(-9)*-3 + 2. Suppose 588 = j*r - 8*r. Let h = 524 + r. Is h composite?
True
Let m be 2*((-180)/(-8))/1. Let n be (6/9)/(10/m). Suppose n*s - 586 = s. Is s composite?
False
Let t = 72 - 60. Is (0/(t/(-4)))/2 + 37 a composite number?
False
Suppose -5*o + 10 = -3*o. Suppose 8*d = o*d. Suppose 2*k = -3*u + 347, d = 3*u - 2*k - 216 - 151. Is u prime?
False
Suppose 5*z = 4*u - 21, 0*z = 3*u + z + 8. Is ((-645)/9 + u)*-3 a composite number?
True
Let w = -1102 + 1667. Suppose -2*y + w = 7*p - 2*p, 5*y - 435 = -4*p. Let x = p + 132. Is x a prime number?
False
Suppose 0 = g - 2*i + 745, 5*g + 3712 = -0*g - 3*i. Let f = g - -1564. Is f composite?
False
Let n(s) = s**2 - 10*s. Let f be n(10). Suppose f = 6*y - y + 50. Is (-1 - -40)*y/(-15) composite?
True
Let x = 37 + -45. Is ((-2)/4)/((-5 - x)/(-1758)) prime?
True
Suppose -3*g = -m - 42 - 2, -4*m - 176 = 2*g. Let l(b) = -5*b**2 + 4*b + 3. Let s be l(3). Let r = s - m. Is r prime?
False
Suppose 5*d - 4*a = -a + 133004, 5*d - 132980 = -5*a. Is d prime?
False
Let c = 52 - 47. Suppose 3324 - 769 = c*f. Is f a prime number?
False
Let h(g) = -79*g + 458. Is h(-27) a composite number?
False
Let n(s) = 127*s**3 - 4 - 3*s - 2*s - 2*s + s. Is n(3) prime?
True
Suppose 4*d + u - 7 = 2*d, 3*d - 4*u = 16. Suppose -3*y + 1559 = -2*t, -d*y + 0*t - 4*t + 2072 = 0. Is y a composite number?
True
Suppose 451 = -4*u - 2*n - 91, -3*u - 410 = 5*n. Is (-30)/u + (-5702)/(-18) a composite number?
False
Suppose 4*a = -4*f - 112, -6 = -5*a - 1. Let x = 22 - f. Is x prime?
False
Is (-3)/(-3) + 2519*4 prime?
False
Is (0 + -10762)/(-4*19/38) a prime number?
True
Let s(l) = -3*l**3 - 2*l**2 + l + 2. Let z be s(-1). Let x(r) = 77*r - 5. Is x(z) prime?
True
Let f(o) = 818*o + 5 + 3 - 1 + 32*o. Is f(4) a prime number?
True
Let r(x) = x - 1. Let l be r(0). Let w be (-186)/(-6) - (l + 4). Let s = w - -3. Is s a composite number?
False
Let m = -5 - -5. Suppose m*n - 6 = -n. Is (-2)/n*-39*5 prime?
False
Let z be ((-1512)/14)/((-1)/(-4)). Let t = 623 + z. Is t a composite number?
False
Let f = -3042 + 4357. Suppose 3*m - f = -3*r + 2*r, 3*m = -2*r + 1319. Is m composite?
True
Let k(s) = s**3 + 15*s**2 + 16*s + 34. Let f be k(-14). Suppose 12*y - 2046 = f*y. Is y prime?
False
Let z = -15858 - -23653. Is z a prime number?
False
Let j = -2037 + 3675. Let k = j - 487. Is k a composite number?
False
Suppose 0 = 231*k - 224*k - 11459. Is k composite?
False
Let p = 21 - 30. Let z be 34/1*p/6. Is (-13)/(2 + 105/z) a prime number?
False
Let k = -27 - -24. Let f be 81 + 4 - (-3)/k. Suppose 4*l = -w + 137, -3*l - f - 46 = -w. Is w a composite number?
True
Let a = 2581 - -45142. Is a prime?
False
Let j(i) = 488*i - 5. Let a(q) = -975*q + 10. Let y(g) = -4*a(g) - 9*j(g). Is y(-4) a composite number?
False
Is 22556/10*310/124 composite?
False
Suppose -6 + 1 = 5*q. Is ((-794)/4)/(q/2) a prime number?
True
Let q = -4500 - -33329. Is q prime?
False
Suppose -r + 1600 = c, -5*r + 4875 - 1669 = 2*c. Let d = 2269 - c. Is d prime?
False
Let v(a) = -a**3 + a**2 - a. Let f(o) = o**3 - 6*o**2 - 2*o + 5. Let c(n) = f(n) + 2*v(n). Let t be c(-6). Let y = -70 + t. Is y composite?
False
Let c(o) = 16*o**2 - 51*o - 16. Is c(21) a prime number?
False
Suppose 0 = -3*o + 8*t - 3*t + 17, 5*t - 11 = -4*o. Suppose o*w = 169 + 3. Suppose -k + w = -2*i - 2*i, -138 = -2*k - 5*i. Is k a prime number?
True
Suppose 164605 = 17*r - 123936. Is r composite?
True
Let l(a) = a**3 + 2*a**2 - 2*a. Suppose 0 = -3*y - 0*y + 3. Let g be l(y). Let j(t) = 19*t. Is j(g) prime?
True
Let s = 135 - 70. Let k = 0 + s. Is k a prime number?
False
Let d = -17330 - -26356. Is d composite?
True
Let a = 927 + -458. Suppose 2*m = 933 + a. Is m prime?
True
Let z(b) = 6*b**2 + 6*b + 5. Let w(q) = -q**2 + 9*q + 13. Let a be w(9). Is z(a) a composite number?
False
Suppose 0 = -2*p - 19 + 27. Let r be -1 + 12/p*6. Let v = r + -7. Is v a prime number?
False
Let o(q) = 6*q - 45. Let s be o(8). Suppose s*y - 2697 = 1152. Is y prime?
True
Let j = -6 + 2. Let i(y) = -73*y + 15. Is i(j) prime?
True
Suppose -5*u = 3 + 12, 0 = -4*h + 4*u + 1504. Is h prime?
True
Suppose 0 = 11*n - 49 - 6. Suppose -96 = -n*r + 89. Is r a prime number?
True
Suppose 29*h - 25*h - 13768 = 0. Is h composite?
True
Let g = -848 - -398. Let i = 1058 + g. Suppose 0 = 3*a + 4*v - 471, -4*v - i = -5*a + 209. Is a a prime number?
False
Let d = 1352 + -57. Let m = d + -408. Is m a prime number?
True
Let f(s) be the second derivative of -3*s**7/280 - s**5/60 + 5*s**4/24 + 5*s**3/3 - 11*s. Let n(r) be the second derivative of f(r). Is n(-4) a prime number?
False
Let r = 5308 - -1953. Is r a composite number?
True
Let s = -24653 + 85195. Suppose -10*n + s - 3512 = 0. Is n prime?
False
Let x(k) = 3*k**2 + 9*k - 35. Is x(-6) composite?
False
Let c = -120 + 1033. Suppose -5*w - 2*t - 2*t = -c, -5*w = 3*t - 916. Suppose 2*p = 3*p - w. Is p a composite number?
True
Let q = 9025 - -23908. Is q composite?
False
Let m = 10 - 6. Let t = -34 - -38. Suppose 30 = y + t*z, m*z = y - 4*y + 98. Is y composite?
True
Suppose 19*a = 22*a - 9. Suppose 0 = -b - v + 716, 2*b - b - a*v = 704. Is b prime?
False
Let v(q) = q**3 + 14*q**2 + 13*q + 2. Let z be v(-13). Suppose -3*x - l - 675 = 0, 0 = -z*x - 6*l + l - 437. Is (-2 - x) + (-12)/4 a composite number?
True
Suppose -3*t = -4 - 5. Suppose -6*u = -t*u - 9. Suppose u*v = 8*v - 45. Is v a composite number?
True
Let c(x) = 220*x**2 - 19*x + 64. Is c(5) composite?
True
Let y be (0 - 0)/1 + 0. Let c(f) = -83*f - 12. Let q be c(-3). Suppose r - q - 140 = y. Is r composite?
True
Suppose 6*z - 17*z + 64020 = 0. Suppose -4001 - z = -7*j. Is j a prime number?
False
Suppose -4*j - 2368 = -5*c, -5*j - 2395 = -5*c - 10*j. Suppose -2*p + c + 232 = 0. Suppose 4*y - 3*h - 469 = 0, 0*y = -3*y + 3*h + p. Is y a prime number?
False
Let a(z) = -14*z**3 - z**2 - 2*z - 1. Let p be a(-1). Suppose 4*r - 4*s + 26 = -s, -p = 2*r - 2*s. Let l(u) = 49*u**2 + 4*u - 10. Is l(r) a composite number?
True
Let z be 4 + -1 + (-3 - (1 + -10)). Is 3/z + (-1454)/(-3)*1 a composite number?
True
Let l(c) = c**3 + 10*c**2 + 12*c - 9. Let j be l(-8). Let r = j - -14. Is r prime?
True
Let n(q) = q + 16. Let h be n(-15). Let s be (0 - (h + -2))*461. Suppose 4*o + s = 1989. Is o a composite number?
True
Suppose 2*q = -u + 21, 3*q - 15 = 2*q - 2*u. Suppose 5*c + 492 = q*c. Is c composite?
True
Suppose -2*d + 422 = 5*t, d - 279 + 68 = -2*t. Is d a composite number?
False
Let b = 95 - 39. Suppose -58*f + 2 = -59*f. Is 1/(2/f) + b a prime number?
False
Suppose 0*x - 2*o + 257894 = 3*x, 4*o = x - 85988. Is 2/(-10) + x/40 a prime number?
False
Let f(u) = 128*u - 13. Let n(t) = -t + 21. Let r be n(8). Is f(r) prime?
False
Suppose 11157 + 12566 = 7*l. Is l composite?
False
Let q(w) be the third derivative of -1/60*w**6 - 1/60*w**5 + 0 - 1/24*w**4 - w**2 + 5/6*w**3 + 0*w. Is q(-4) composite